test common factor of 18676 and 7.
7
Calculate the greatest common divisor of 652 and 172943.
163
What is the highest common divisor of 102049 and 1805?
19
Calculate the highest common factor of 14792 and 31562.
86
What is the greatest common divisor of 206 and 8722?
2
What is the highest common divisor of 54 and 5535?
27
Calculate the greatest common factor of 65 and 383.
1
Calculate the highest common divisor of 66 and 1167.
3
What is the greatest common factor of 2660 and 307420?
380
Calculate the highest common factor of 96 and 119008.
32
What is the highest common factor of 552 and 11424?
24
What is the highest common factor of 519363 and 351?
117
What is the greatest common divisor of 245 and 3822?
49
What is the highest common factor of 918699 and 3?
3
Calculate the highest common divisor of 1102 and 25462.
58
What is the greatest common factor of 220029 and 1704?
213
Calculate the highest common divisor of 18560 and 123520.
640
Calculate the highest common factor of 56 and 1790124.
28
What is the highest common factor of 2668 and 77096?
92
Calculate the highest common divisor of 85040 and 20.
20
What is the highest common divisor of 1162 and 4088?
14
What is the greatest common divisor of 96366 and 336?
6
Calculate the greatest common factor of 566 and 32.
2
Calculate the highest common divisor of 16093 and 931.
133
What is the highest common divisor of 562008 and 1392?
24
What is the highest common divisor of 159359 and 177?
59
What is the highest common factor of 84888 and 16?
8
What is the greatest common factor of 36408 and 122344?
328
Calculate the highest common divisor of 20504 and 792.
88
What is the greatest common factor of 252056 and 126?
14
Calculate the greatest common factor of 1463 and 43274.
77
Calculate the greatest common factor of 7 and 2429966.
7
Calculate the greatest common divisor of 147992 and 1976.
104
What is the greatest common factor of 23484 and 7980?
228
Calculate the greatest common factor of 21216 and 58188.
156
What is the greatest common divisor of 138880 and 1550?
310
What is the highest common factor of 109180 and 7420?
1060
Calculate the greatest common factor of 13 and 1660139.
13
What is the greatest common factor of 98 and 404642?
98
What is the highest common divisor of 181770 and 249?
249
What is the greatest common divisor of 15904 and 5920?
32
Calculate the greatest common factor of 152 and 7980.
76
Calculate the highest common divisor of 3 and 157467.
3
What is the greatest common divisor of 783 and 183951?
27
Calculate the greatest common divisor of 176226 and 138.
138
Calculate the greatest common divisor of 267 and 347367.
267
What is the highest common factor of 6365 and 98825?
335
Calculate the highest common divisor of 1848 and 12334.
14
What is the highest common factor of 3140 and 277105?
785
Calculate the highest common factor of 11165 and 70.
35
Calculate the highest common divisor of 1500 and 1338900.
300
Calculate the greatest common factor of 4188 and 4980.
12
Calculate the greatest common factor of 5202 and 4698.
18
Calculate the highest common factor of 1764 and 121464.
252
What is the highest common factor of 183 and 1149?
3
What is the greatest common divisor of 14442 and 38?
2
What is the greatest common factor of 1203869 and 74?
37
What is the highest common divisor of 14763 and 999?
111
What is the greatest common factor of 35 and 258405?
35
What is the greatest common factor of 63340 and 8000?
20
What is the greatest common factor of 10706 and 954?
106
What is the greatest common divisor of 1782 and 8448?
66
What is the greatest common factor of 79648 and 3232?
32
What is the highest common divisor of 639 and 1539?
9
Calculate the highest common divisor of 111506 and 2540.
254
Calculate the greatest common divisor of 1674 and 9610.
62
What is the highest common divisor of 2235 and 2955?
15
Calculate the highest common factor of 313019 and 679.
679
Calculate the greatest common factor of 19322 and 2.
2
What is the highest common factor of 370 and 2780?
10
What is the highest common factor of 13392 and 2480?
496
What is the greatest common divisor of 686 and 171157?
343
Calculate the greatest common divisor of 641 and 930091.
641
Calculate the highest common divisor of 84 and 4973556.
84
What is the greatest common divisor of 117084 and 66?
66
What is the greatest common divisor of 225 and 36525?
75
Calculate the highest common divisor of 315 and 562968.
63
What is the greatest common divisor of 13970 and 110?
110
What is the highest common factor of 143842 and 46?
46
Calculate the highest common divisor of 20 and 57212.
4
What is the greatest common factor of 120 and 282630?
30
Calculate the greatest common divisor of 828 and 24.
12
What is the highest common factor of 13079 and 66?
11
What is the highest common factor of 533 and 18163?
41
Calculate the highest common factor of 29 and 385236.
29
What is the greatest common factor of 1621539 and 243?
243
Calculate the highest common divisor of 59291 and 1686.
281
Calculate the highest common factor of 117869 and 758.
379
Calculate the highest common factor of 467144 and 64.
8
What is the highest common divisor of 365802 and 41?
41
What is the highest common divisor of 2892 and 180?
12
What is the highest common divisor of 6480 and 5256?
72
What is the greatest common divisor of 261010 and 34830?
430
What is the greatest common factor of 16349 and 2?
1
Calculate the highest common divisor of 4386249 and 14.
7
What is the highest common divisor of 108 and 28044?
36
Calculate the highest common divisor of 15119 and 65.
13
Calculate the highest common divisor of 9 and 172647.
9
What is the greatest common factor of 10649 and 161?
23
Calculate the highest common factor of 54 and 14886.
18
Calculate the greatest common divisor of 1537740 and 180.
180
Calculate the highest common divisor of 156 and 7022145.
39
What is the highest common factor of 26364 and 1326?
78
Calculate the greatest common divisor of 915998 and 782.
46
Calculate the highest common factor of 2021 and 799.
47
What is the highest common divisor of 5854 and 22?
2
What is the highest common divisor of 160152 and 56?
8
What is the highest common factor of 221917 and 939?
313
What is the greatest common divisor of 69554 and 498?
166
What is the greatest common factor of 647375 and 250?
125
Calculate the greatest common divisor of 2469 and 1067431.
823
What is the greatest common factor of 151294 and 4576?
286
What is the greatest common factor of 153384 and 1540?
308
What is the greatest common factor of 34 and 24446?
34
What is the highest common divisor of 72 and 129768?
24
Calculate the greatest common factor of 37950 and 264.
66
What is the highest common factor of 10319 and 2?
1
What is the highest common divisor of 938 and 51072?
14
What is the highest common factor of 2735 and 40?
5
What is the highest common divisor of 23735 and 28435?
235
What is the greatest common divisor of 4325 and 100?
25
Calculate the greatest common factor of 1105 and 5032.
17
What is the greatest common divisor of 22430 and 28?
2
Calculate the greatest common factor of 370934 and 4.
2
Calculate the greatest common divisor of 82849 and 208.
13
What is the highest common divisor of 16 and 17472?
16
What is the highest common factor of 3590 and 468854?
718
Calculate the highest common factor of 29821625 and 125.
125
What is the greatest common factor of 16 and 991?
1
Calculate the greatest common factor of 507658 and 86.
86
Calculate the highest common divisor of 219355 and 285.
95
Calculate the highest common factor of 7252 and 1073.
37
Calculate the greatest common factor of 2947 and 3248.
7
Calculate the highest common factor of 12378 and 42.
6
What is the highest common factor of 123495 and 15?
15
Calculate the highest common divisor of 10350 and 110.
10
Calculate the highest common factor of 2120751 and 1809.
603
Calculate the highest common divisor of 911800 and 776.
776
Calculate the highest common divisor of 4667 and 403.
13
Calculate the highest common factor of 112884 and 46.
46
Calculate the highest common factor of 54652 and 5356.
52
Calculate the greatest common divisor of 448 and 2048.
64
Calculate the greatest common factor of 287742 and 84.
42
Calculate the highes